{"id":20049,"date":"2025-01-27T12:32:48","date_gmt":"2025-01-27T11:32:48","guid":{"rendered":"https:\/\/wesharetalent.com\/?post_type=tribe_events&#038;p=20049"},"modified":"2025-06-16T11:46:03","modified_gmt":"2025-06-16T09:46:03","slug":"de-kracht-van-samenwerking-een-multidisciplinaire-aanpak-bij-re-integratie-2","status":"publish","type":"tribe_events","link":"https:\/\/wesharetalent.com\/en\/event\/de-kracht-van-samenwerking-een-multidisciplinaire-aanpak-bij-re-integratie-2\/","title":{"rendered":"De kracht van samenwerking: Een multidisciplinaire aanpak bij re-integratie"},"content":{"rendered":"<p>Re-integratieprocessen kunnen complex en tijdrovend zijn. Hoe kunt u met een multidisciplinaire aanpak betere resultaten behalen? Deze workshop biedt u concrete<br \/>\nhandvatten om professionals uit verschillende disciplines effectief te laten samenwerken. Ook het belang van een goede samenwerking tussen bedrijfsartsen, HR en leidinggevenden wordt over het voetlicht gebracht. Leer hoe u sneller en duurzamer herstel van medewerkers kunt faciliteren en onnodige obstakels<br \/>\nvoorkomt. Erik Schuurman, specialist in werk en gezondheid, begeleidt u door dit proces. Met zijn focus op veerkracht en het cre\u00ebren van een gezonde bedrijfscultuur weet Erik precies wat nodig is om betrokken partijen op \u00e9\u00e9n lijn te krijgen. Zijn praktische inzichten en strategie\u00ebn helpen organisaties complexe re-integratietrajecten met succes te navigeren.<\/p>\n<p>Erik van de Worp, oprichter en mede-eigenaar van Incompany Fit, zal als co- facilitator zijn expertise delen. Met zijn achtergrond in bedrijfskunde en organisatiepsychologie weet hij een goede brug te slaan tussen het collectief en het individu binnen een organisatie. Zijn ervaring in het verbeteren van fysieke en mentale vitaliteit op de werkvloer maakt hem een waardevolle aanvulling op deze workshop.<\/p>\n<p><b>Wat neem je mee uit deze sessie:<\/b><\/p>\n<ul>\n<li>Welke factoren spelen een rol bij verzuim en het aanhouden van klachten<\/li>\n<li>Het organiseren van een multidisciplinair team voor succesvolle re-integratie.<\/li>\n<li>Het verbeteren van communicatie tussen betrokken partijen.<\/li>\n<li>Het verminderen van langdurig verzuim door gestructureerde samenwerking.<\/li>\n<li>Toepasbare stappen voor duurzame werkhervatting.<\/li>\n<\/ul>\n<p><b>Let op: Klik na het aanmelden op de knop \u2018add to calendar\u2019. De zoomlink wordt meegestuurd in de bevestigingsmail.<\/b><\/p>\n","protected":false},"excerpt":{"rendered":"<p>Re-integratieprocessen kunnen complex en tijdrovend zijn. Hoe kunt u met een multidisciplinaire aanpak betere resultaten behalen? Deze workshop biedt u concrete<br \/>\nhandvatten om professionals uit verschillende disciplines effectief te laten samenwerken.<\/p>\n","protected":false},"author":5,"featured_media":20047,"comment_status":"closed","ping_status":"closed","template":"","meta":{"_acf_changed":false,"_price":"","_stock":"","_tribe_ticket_header":"","_tribe_default_ticket_provider":"","_tribe_ticket_capacity":"0","_ticket_start_date":"","_ticket_end_date":"","_tribe_ticket_show_description":"","_tribe_ticket_show_not_going":false,"_tribe_ticket_use_global_stock":"","_tribe_ticket_global_stock_level":"","_global_stock_mode":"","_global_stock_cap":"","_tribe_rsvp_for_event":"","_tribe_ticket_going_count":"","_tribe_ticket_not_going_count":"","_tribe_tickets_list":[],"_tribe_ticket_has_attendee_info_fields":false,"_tribe_events_status":"","_tribe_events_status_reason":"","_tribe_events_is_hybrid":"","_tribe_events_is_virtual":"1","_tribe_events_virtual_video_source":"zoom","_tribe_events_virtual_embed_video":"","_tribe_events_virtual_linked_button_text":"","_tribe_events_virtual_linked_button":"","_tribe_events_virtual_show_embed_at":"immediately","_tribe_events_virtual_show_embed_to":"","_tribe_events_virtual_show_on_event":"yes","_tribe_events_virtual_show_on_views":"yes","_tribe_events_virtual_url":"","footnotes":""},"tags":[],"tribe_events_cat":[5],"class_list":["post-20049","tribe_events","type-tribe_events","status-publish","has-post-thumbnail","hentry","tribe_events_cat-organisatie-ontwikkeling","cat_organisatie-ontwikkeling","tribe-events-virtual-event"],"acf":[],"ticketed":["rsvp"],"_links":{"self":[{"href":"https:\/\/wesharetalent.com\/en\/wp-json\/wp\/v2\/tribe_events\/20049","targetHints":{"allow":["GET"]}}],"collection":[{"href":"https:\/\/wesharetalent.com\/en\/wp-json\/wp\/v2\/tribe_events"}],"about":[{"href":"https:\/\/wesharetalent.com\/en\/wp-json\/wp\/v2\/types\/tribe_events"}],"author":[{"embeddable":true,"href":"https:\/\/wesharetalent.com\/en\/wp-json\/wp\/v2\/users\/5"}],"replies":[{"embeddable":true,"href":"https:\/\/wesharetalent.com\/en\/wp-json\/wp\/v2\/comments?post=20049"}],"version-history":[{"count":1,"href":"https:\/\/wesharetalent.com\/en\/wp-json\/wp\/v2\/tribe_events\/20049\/revisions"}],"predecessor-version":[{"id":20051,"href":"https:\/\/wesharetalent.com\/en\/wp-json\/wp\/v2\/tribe_events\/20049\/revisions\/20051"}],"wp:featuredmedia":[{"embeddable":true,"href":"https:\/\/wesharetalent.com\/en\/wp-json\/wp\/v2\/media\/20047"}],"wp:attachment":[{"href":"https:\/\/wesharetalent.com\/en\/wp-json\/wp\/v2\/media?parent=20049"}],"wp:term":[{"taxonomy":"post_tag","embeddable":true,"href":"https:\/\/wesharetalent.com\/en\/wp-json\/wp\/v2\/tags?post=20049"},{"taxonomy":"tribe_events_cat","embeddable":true,"href":"https:\/\/wesharetalent.com\/en\/wp-json\/wp\/v2\/tribe_events_cat?post=20049"}],"curies":[{"name":"wp","href":"https:\/\/api.w.org\/{rel}","templated":true}]}}

<p>Re-integratieprocessen kunnen complex en tijdrovend zijn. Hoe kunt u met een multidisciplinaire aanpak betere resultaten behalen? Deze workshop biedt u concrete<br />
handvatten om professionals uit verschillende disciplines effectief te laten samenwerken. Ook het belang van een goede samenwerking tussen bedrijfsartsen, HR en leidinggevenden wordt over het voetlicht gebracht. Leer hoe u sneller en duurzamer herstel van medewerkers kunt faciliteren en onnodige obstakels<br />
voorkomt. Erik Schuurman, specialist in werk en gezondheid, begeleidt u door dit proces. Met zijn focus op veerkracht en het creëren van een gezonde bedrijfscultuur weet Erik precies wat nodig is om betrokken partijen op één lijn te krijgen. Zijn praktische inzichten en strategieën helpen organisaties complexe re-integratietrajecten met succes te navigeren.</p>
<p>Erik van de Worp, oprichter en mede-eigenaar van Incompany Fit, zal als co- facilitator zijn expertise delen. Met zijn achtergrond in bedrijfskunde en organisatiepsychologie weet hij een goede brug te slaan tussen het collectief en het individu binnen een organisatie. Zijn ervaring in het verbeteren van fysieke en mentale vitaliteit op de werkvloer maakt hem een waardevolle aanvulling op deze workshop.</p>
<p><b>Wat neem je mee uit deze sessie:</b></p>
<ul>
<li>Welke factoren spelen een rol bij verzuim en het aanhouden van klachten</li>
<li>Het organiseren van een multidisciplinair team voor succesvolle re-integratie.</li>
<li>Het verbeteren van communicatie tussen betrokken partijen.</li>
<li>Het verminderen van langdurig verzuim door gestructureerde samenwerking.</li>
<li>Toepasbare stappen voor duurzame werkhervatting.</li>
</ul>
<p><b>Let op: Klik na het aanmelden op de knop ‘add to calendar’. De zoomlink wordt meegestuurd in de bevestigingsmail.</b></p>
